{"id":181,"date":"2016-05-08T17:03:49","date_gmt":"2016-05-08T17:03:49","guid":{"rendered":"https:\/\/oceanwp.org\/gym\/?page_id=181"},"modified":"2026-03-02T08:41:04","modified_gmt":"2026-03-02T08:41:04","slug":"termine","status":"publish","type":"page","link":"https:\/\/brassilikum.at\/index.php\/termine\/","title":{"rendered":"Zuk\u00fcnftige Termine"},"content":{"rendered":"\t\t<div data-elementor-type=\"wp-post\" data-elementor-id=\"181\" class=\"elementor elementor-181\">\n\t\t\t\t<div class=\"elementor-element elementor-element-1db7b94 e-flex e-con-boxed e-con e-parent\" data-id=\"1db7b94\" data-element_type=\"container\" data-e-type=\"container\">\n\t\t\t\t\t<div class=\"e-con-inner\">\n\t\t\t\t<div class=\"elementor-element elementor-element-9b65826 elementor-widget-divider--view-line elementor-widget elementor-widget-divider\" data-id=\"9b65826\" data-element_type=\"widget\" data-e-type=\"widget\" data-widget_type=\"divider.default\">\n\t\t\t\t<div class=\"elementor-widget-container\">\n\t\t\t\t\t\t\t<div class=\"elementor-divider\">\n\t\t\t<span class=\"elementor-divider-separator\">\n\t\t\t\t\t\t<\/span>\n\t\t<\/div>\n\t\t\t\t\t\t<\/div>\n\t\t\t\t<\/div>\n\t\t\t\t\t<\/div>\n\t\t\t\t<\/div>\n\t\t<div class=\"elementor-element elementor-element-f112e0f e-flex e-con-boxed e-con e-parent\" data-id=\"f112e0f\" data-element_type=\"container\" data-e-type=\"container\">\n\t\t\t\t\t<div class=\"e-con-inner\">\n\t\t\t\t<div class=\"elementor-element elementor-element-4e747db elementor-widget elementor-widget-heading\" data-id=\"4e747db\" data-element_type=\"widget\" data-e-type=\"widget\" data-widget_type=\"heading.default\">\n\t\t\t\t<div class=\"elementor-widget-container\">\n\t\t\t\t\t<h1 class=\"elementor-heading-title elementor-size-default\">Unsere zuk\u00fcnftigen Termine<\/h1>\t\t\t\t<\/div>\n\t\t\t\t<\/div>\n\t\t\t\t<div class=\"elementor-element elementor-element-40bb653 elementor-widget elementor-widget-text-editor\" data-id=\"40bb653\" data-element_type=\"widget\" data-e-type=\"widget\" data-widget_type=\"text-editor.default\">\n\t\t\t\t<div class=\"elementor-widget-container\">\n\t\t\t\t\t\t\t\t\t<p>31.1.2026 Scharnstein Brasst!<br \/>8.4.2026 Maifest Pfeilheim<br \/>6.6.2026 FF Neukirchen<br \/>13.6.2026 Bezirksmusikfest Timelkam<br \/>29.6.2026 Kulinarium Weyregg<br \/>25.7.2026 Musikfest K\u00fcrnberg N\u00d6<br \/>6.8.2026 Kellerbier Wirterei Schmidham<br \/>21.8.2026 Hallenfest Neukirchen<br \/>5.9.2026 Atterseepokal Rosenau<br \/>12.10.2026 Maxlaunmarkt FF-Niederw\u00f6lz<\/p>\t\t\t\t\t\t\t\t<\/div>\n\t\t\t\t<\/div>\n\t\t\t\t\t<\/div>\n\t\t\t\t<\/div>\n\t\t<div class=\"elementor-element elementor-element-b44c72f e-flex e-con-boxed e-con e-parent\" data-id=\"b44c72f\" data-element_type=\"container\" data-e-type=\"container\" data-settings=\"{&quot;background_background&quot;:&quot;classic&quot;}\">\n\t\t\t\t\t<div class=\"e-con-inner\">\n\t\t<div class=\"elementor-element elementor-element-bb56db2 e-grid e-con-full e-con e-child\" data-id=\"bb56db2\" data-element_type=\"container\" data-e-type=\"container\">\n\t\t\t\t<div class=\"elementor-element elementor-element-afa056b elementor-widget elementor-widget-heading\" data-id=\"afa056b\" data-element_type=\"widget\" data-e-type=\"widget\" data-widget_type=\"heading.default\">\n\t\t\t\t<div class=\"elementor-widget-container\">\n\t\t\t\t\t<h2 class=\"elementor-heading-title elementor-size-default\">Sie m\u00f6chten, dass ihr n\u00e4chstes Fest auch auf der Liste steht? Kontaktieren Sie uns einfach!<\/h2>\t\t\t\t<\/div>\n\t\t\t\t<\/div>\n\t\t\t\t<\/div>\n\t\t\t\t\t<\/div>\n\t\t\t\t<\/div>\n\t\t\t\t<\/div>\n\t\t","protected":false},"excerpt":{"rendered":"<p>Unsere zuk\u00fcnftigen Termine 31.1.2026 Scharnstein Brasst!8.4.2026 Maifest Pfeilheim6.6.2026 FF Neukirchen13.6.2026 Bezirksmusikfest Timelkam29.6.2026 Kulinarium Weyregg25.7.2026 Musikfest K\u00fcrnberg N\u00d66.8.2026 Kellerbier Wirterei Schmidham21.8.2026 Hallenfest Neukirchen5.9.2026 Atterseepokal Rosenau12.10.2026 Maxlaunmarkt FF-Niederw\u00f6lz Sie m\u00f6chten, dass ihr n\u00e4chstes Fest auch auf der Liste steht? Kontaktieren Sie uns einfach!<\/p>\n","protected":false},"author":1,"featured_media":0,"parent":0,"menu_order":0,"comment_status":"closed","ping_status":"closed","template":"elementor_theme","meta":{"content-type":"","ocean_post_layout":"full-screen","ocean_both_sidebars_style":"","ocean_both_sidebars_content_width":0,"ocean_both_sidebars_sidebars_width":0,"ocean_sidebar":"0","ocean_second_sidebar":"0","ocean_disable_margins":"on","ocean_add_body_class":"","ocean_shortcode_before_top_bar":"","ocean_shortcode_after_top_bar":"","ocean_shortcode_before_header":"","ocean_shortcode_after_header":"","ocean_has_shortcode":"","ocean_shortcode_after_title":"","ocean_shortcode_before_footer_widgets":"","ocean_shortcode_after_footer_widgets":"","ocean_shortcode_before_footer_bottom":"","ocean_shortcode_after_footer_bottom":"","ocean_display_top_bar":"default","ocean_display_header":"default","ocean_header_style":"","ocean_center_header_left_menu":"0","ocean_custom_header_template":"0","ocean_custom_logo":0,"ocean_custom_retina_logo":0,"ocean_custom_logo_max_width":0,"ocean_custom_logo_tablet_max_width":0,"ocean_custom_logo_mobile_max_width":0,"ocean_custom_logo_max_height":0,"ocean_custom_logo_tablet_max_height":0,"ocean_custom_logo_mobile_max_height":0,"ocean_header_custom_menu":"0","ocean_menu_typo_font_family":"0","ocean_menu_typo_font_subset":"","ocean_menu_typo_font_size":0,"ocean_menu_typo_font_size_tablet":0,"ocean_menu_typo_font_size_mobile":0,"ocean_menu_typo_font_size_unit":"px","ocean_menu_typo_font_weight":"","ocean_menu_typo_font_weight_tablet":"","ocean_menu_typo_font_weight_mobile":"","ocean_menu_typo_transform":"","ocean_menu_typo_transform_tablet":"","ocean_menu_typo_transform_mobile":"","ocean_menu_typo_line_height":0,"ocean_menu_typo_line_height_tablet":0,"ocean_menu_typo_line_height_mobile":0,"ocean_menu_typo_line_height_unit":"","ocean_menu_typo_spacing":0,"ocean_menu_typo_spacing_tablet":0,"ocean_menu_typo_spacing_mobile":0,"ocean_menu_typo_spacing_unit":"","ocean_menu_link_color":"","ocean_menu_link_color_hover":"","ocean_menu_link_color_active":"","ocean_menu_link_background":"","ocean_menu_link_hover_background":"","ocean_menu_link_active_background":"","ocean_menu_social_links_bg":"","ocean_menu_social_hover_links_bg":"","ocean_menu_social_links_color":"","ocean_menu_social_hover_links_color":"","ocean_disable_title":"default","ocean_disable_heading":"default","ocean_post_title":"","ocean_post_subheading":"Choose the best program to suit your needs","ocean_post_title_style":"background-image","ocean_post_title_background_color":"","ocean_post_title_background":493,"ocean_post_title_bg_image_position":"center center","ocean_post_title_bg_image_attachment":"","ocean_post_title_bg_image_repeat":"","ocean_post_title_bg_image_size":"","ocean_post_title_height":0,"ocean_post_title_bg_overlay":0.5,"ocean_post_title_bg_overlay_color":"","ocean_disable_breadcrumbs":"default","ocean_breadcrumbs_color":"","ocean_breadcrumbs_separator_color":"","ocean_breadcrumbs_links_color":"","ocean_breadcrumbs_links_hover_color":"","ocean_display_footer_widgets":"default","ocean_display_footer_bottom":"default","ocean_custom_footer_template":"0","footnotes":""},"class_list":["post-181","page","type-page","status-publish","hentry","entry"],"yoast_head":"<!-- This site is optimized with the Yoast SEO plugin v27.0 - https:\/\/yoast.com\/product\/yoast-seo-wordpress\/ -->\n<title>Zuk\u00fcnftige Termine - Brassilikum<\/title>\n<meta name=\"robots\" content=\"index, follow, max-snippet:-1, max-image-preview:large, max-video-preview:-1\" \/>\n<link rel=\"canonical\" href=\"https:\/\/brassilikum.at\/index.php\/termine\/\" \/>\n<meta property=\"og:locale\" content=\"de_DE\" \/>\n<meta property=\"og:type\" content=\"article\" \/>\n<meta property=\"og:title\" content=\"Zuk\u00fcnftige Termine - Brassilikum\" \/>\n<meta property=\"og:description\" content=\"Unsere zuk\u00fcnftigen Termine 31.1.2026 Scharnstein Brasst!8.4.2026 Maifest Pfeilheim6.6.2026 FF Neukirchen13.6.2026 Bezirksmusikfest Timelkam29.6.2026 Kulinarium Weyregg25.7.2026 Musikfest K\u00fcrnberg N\u00d66.8.2026 Kellerbier Wirterei Schmidham21.8.2026 Hallenfest Neukirchen5.9.2026 Atterseepokal Rosenau12.10.2026 Maxlaunmarkt FF-Niederw\u00f6lz Sie m\u00f6chten, dass ihr n\u00e4chstes Fest auch auf der Liste steht? Kontaktieren Sie uns einfach!\" \/>\n<meta property=\"og:url\" content=\"https:\/\/brassilikum.at\/index.php\/termine\/\" \/>\n<meta property=\"og:site_name\" content=\"Brassilikum\" \/>\n<meta property=\"article:publisher\" content=\"https:\/\/www.facebook.com\/people\/Brassilikum\/100070979580276\/\" \/>\n<meta property=\"article:modified_time\" content=\"2026-03-02T08:41:04+00:00\" \/>\n<meta name=\"twitter:card\" content=\"summary_large_image\" \/>\n<meta name=\"twitter:label1\" content=\"Gesch\u00e4tzte Lesezeit\" \/>\n\t<meta name=\"twitter:data1\" content=\"1\u00a0Minute\" \/>\n<script type=\"application\/ld+json\" class=\"yoast-schema-graph\">{\"@context\":\"https:\/\/schema.org\",\"@graph\":[{\"@type\":\"WebPage\",\"@id\":\"https:\/\/brassilikum.at\/index.php\/termine\/\",\"url\":\"https:\/\/brassilikum.at\/index.php\/termine\/\",\"name\":\"Zuk\u00fcnftige Termine - Brassilikum\",\"isPartOf\":{\"@id\":\"https:\/\/brassilikum.at\/#website\"},\"datePublished\":\"2016-05-08T17:03:49+00:00\",\"dateModified\":\"2026-03-02T08:41:04+00:00\",\"breadcrumb\":{\"@id\":\"https:\/\/brassilikum.at\/index.php\/termine\/#breadcrumb\"},\"inLanguage\":\"de\",\"potentialAction\":[{\"@type\":\"ReadAction\",\"target\":[\"https:\/\/brassilikum.at\/index.php\/termine\/\"]}]},{\"@type\":\"BreadcrumbList\",\"@id\":\"https:\/\/brassilikum.at\/index.php\/termine\/#breadcrumb\",\"itemListElement\":[{\"@type\":\"ListItem\",\"position\":1,\"name\":\"Startseite\",\"item\":\"https:\/\/brassilikum.at\/\"},{\"@type\":\"ListItem\",\"position\":2,\"name\":\"Zuk\u00fcnftige Termine\"}]},{\"@type\":\"WebSite\",\"@id\":\"https:\/\/brassilikum.at\/#website\",\"url\":\"https:\/\/brassilikum.at\/\",\"name\":\"Brassilikum\",\"description\":\"Die W\u00fcrze zum Fest\",\"publisher\":{\"@id\":\"https:\/\/brassilikum.at\/#organization\"},\"potentialAction\":[{\"@type\":\"SearchAction\",\"target\":{\"@type\":\"EntryPoint\",\"urlTemplate\":\"https:\/\/brassilikum.at\/?s={search_term_string}\"},\"query-input\":{\"@type\":\"PropertyValueSpecification\",\"valueRequired\":true,\"valueName\":\"search_term_string\"}}],\"inLanguage\":\"de\"},{\"@type\":\"Organization\",\"@id\":\"https:\/\/brassilikum.at\/#organization\",\"name\":\"Brassilikum\",\"url\":\"https:\/\/brassilikum.at\/\",\"logo\":{\"@type\":\"ImageObject\",\"inLanguage\":\"de\",\"@id\":\"https:\/\/brassilikum.at\/#\/schema\/logo\/image\/\",\"url\":\"https:\/\/brassilikum.at\/wp-content\/uploads\/2024\/08\/cropped-Logo-1.jpg\",\"contentUrl\":\"https:\/\/brassilikum.at\/wp-content\/uploads\/2024\/08\/cropped-Logo-1.jpg\",\"width\":1600,\"height\":654,\"caption\":\"Brassilikum\"},\"image\":{\"@id\":\"https:\/\/brassilikum.at\/#\/schema\/logo\/image\/\"},\"sameAs\":[\"https:\/\/www.facebook.com\/people\/Brassilikum\/100070979580276\/\"]}]}<\/script>\n<!-- \/ Yoast SEO plugin. -->","yoast_head_json":{"title":"Zuk\u00fcnftige Termine - Brassilikum","robots":{"index":"index","follow":"follow","max-snippet":"max-snippet:-1","max-image-preview":"max-image-preview:large","max-video-preview":"max-video-preview:-1"},"canonical":"https:\/\/brassilikum.at\/index.php\/termine\/","og_locale":"de_DE","og_type":"article","og_title":"Zuk\u00fcnftige Termine - Brassilikum","og_description":"Unsere zuk\u00fcnftigen Termine 31.1.2026 Scharnstein Brasst!8.4.2026 Maifest Pfeilheim6.6.2026 FF Neukirchen13.6.2026 Bezirksmusikfest Timelkam29.6.2026 Kulinarium Weyregg25.7.2026 Musikfest K\u00fcrnberg N\u00d66.8.2026 Kellerbier Wirterei Schmidham21.8.2026 Hallenfest Neukirchen5.9.2026 Atterseepokal Rosenau12.10.2026 Maxlaunmarkt FF-Niederw\u00f6lz Sie m\u00f6chten, dass ihr n\u00e4chstes Fest auch auf der Liste steht? Kontaktieren Sie uns einfach!","og_url":"https:\/\/brassilikum.at\/index.php\/termine\/","og_site_name":"Brassilikum","article_publisher":"https:\/\/www.facebook.com\/people\/Brassilikum\/100070979580276\/","article_modified_time":"2026-03-02T08:41:04+00:00","twitter_card":"summary_large_image","twitter_misc":{"Gesch\u00e4tzte Lesezeit":"1\u00a0Minute"},"schema":{"@context":"https:\/\/schema.org","@graph":[{"@type":"WebPage","@id":"https:\/\/brassilikum.at\/index.php\/termine\/","url":"https:\/\/brassilikum.at\/index.php\/termine\/","name":"Zuk\u00fcnftige Termine - Brassilikum","isPartOf":{"@id":"https:\/\/brassilikum.at\/#website"},"datePublished":"2016-05-08T17:03:49+00:00","dateModified":"2026-03-02T08:41:04+00:00","breadcrumb":{"@id":"https:\/\/brassilikum.at\/index.php\/termine\/#breadcrumb"},"inLanguage":"de","potentialAction":[{"@type":"ReadAction","target":["https:\/\/brassilikum.at\/index.php\/termine\/"]}]},{"@type":"BreadcrumbList","@id":"https:\/\/brassilikum.at\/index.php\/termine\/#breadcrumb","itemListElement":[{"@type":"ListItem","position":1,"name":"Startseite","item":"https:\/\/brassilikum.at\/"},{"@type":"ListItem","position":2,"name":"Zuk\u00fcnftige Termine"}]},{"@type":"WebSite","@id":"https:\/\/brassilikum.at\/#website","url":"https:\/\/brassilikum.at\/","name":"Brassilikum","description":"Die W\u00fcrze zum Fest","publisher":{"@id":"https:\/\/brassilikum.at\/#organization"},"potentialAction":[{"@type":"SearchAction","target":{"@type":"EntryPoint","urlTemplate":"https:\/\/brassilikum.at\/?s={search_term_string}"},"query-input":{"@type":"PropertyValueSpecification","valueRequired":true,"valueName":"search_term_string"}}],"inLanguage":"de"},{"@type":"Organization","@id":"https:\/\/brassilikum.at\/#organization","name":"Brassilikum","url":"https:\/\/brassilikum.at\/","logo":{"@type":"ImageObject","inLanguage":"de","@id":"https:\/\/brassilikum.at\/#\/schema\/logo\/image\/","url":"https:\/\/brassilikum.at\/wp-content\/uploads\/2024\/08\/cropped-Logo-1.jpg","contentUrl":"https:\/\/brassilikum.at\/wp-content\/uploads\/2024\/08\/cropped-Logo-1.jpg","width":1600,"height":654,"caption":"Brassilikum"},"image":{"@id":"https:\/\/brassilikum.at\/#\/schema\/logo\/image\/"},"sameAs":["https:\/\/www.facebook.com\/people\/Brassilikum\/100070979580276\/"]}]}},"_links":{"self":[{"href":"https:\/\/brassilikum.at\/index.php\/wp-json\/wp\/v2\/pages\/181","targetHints":{"allow":["GET"]}}],"collection":[{"href":"https:\/\/brassilikum.at\/index.php\/wp-json\/wp\/v2\/pages"}],"about":[{"href":"https:\/\/brassilikum.at\/index.php\/wp-json\/wp\/v2\/types\/page"}],"author":[{"embeddable":true,"href":"https:\/\/brassilikum.at\/index.php\/wp-json\/wp\/v2\/users\/1"}],"replies":[{"embeddable":true,"href":"https:\/\/brassilikum.at\/index.php\/wp-json\/wp\/v2\/comments?post=181"}],"version-history":[{"count":16,"href":"https:\/\/brassilikum.at\/index.php\/wp-json\/wp\/v2\/pages\/181\/revisions"}],"predecessor-version":[{"id":902,"href":"https:\/\/brassilikum.at\/index.php\/wp-json\/wp\/v2\/pages\/181\/revisions\/902"}],"wp:attachment":[{"href":"https:\/\/brassilikum.at\/index.php\/wp-json\/wp\/v2\/media?parent=181"}],"curies":[{"name":"wp","href":"https:\/\/api.w.org\/{rel}","templated":true}]}}